{"id":660,"date":"2023-07-17T14:40:57","date_gmt":"2023-07-17T14:40:57","guid":{"rendered":"https:\/\/new.casaennio.it\/?page_id=660"},"modified":"2024-10-17T07:04:20","modified_gmt":"2024-10-17T07:04:20","slug":"privacy-policy","status":"publish","type":"page","link":"https:\/\/www.casaennio.it\/de\/privacy-policy\/","title":{"rendered":"Privacy Policy"},"content":{"rendered":"\n<h1 class=\"wp-block-heading\">DATENSCHUTZERKL\u00c4RUNG F\u00dcR DIE VERARBEITUNG VON ALLGEMEINEN PERSONENBEZOGENEN DATEN<\/h1>\n\n\n\n<p class=\"wp-block-paragraph\">Informationsdokument gem\u00e4\u00df Artikel 13 des Gesetzesdekrets vom 30. Juni 2003 Nr. 196.<\/p>\n\n\n\n<p class=\"wp-block-paragraph\">In \u00dcbereinstimmung mit den Bestimmungen des Gesetzesdekrets vom 30. Juni 2003 Nr. 196, stellen wir Ihnen Informationen \u00fcber die Zwecke und Methoden der Verarbeitung Ihrer personenbezogenen Daten, den Umfang ihrer Weitergabe und Verbreitung, die Art der uns vorliegenden Daten und deren Bereitstellung zur Verf\u00fcgung.<\/p>\n\n\n\n<p class=\"wp-block-paragraph\"><strong>Zweck der Verarbeitung:<\/strong> Die Erhebung bzw. Verarbeitung Ihrer personenbezogenen Daten dient ausschlie\u00dflich dem Zweck, Ihnen Informationen und gegebenenfalls Newsletter von Casa Ennio an die von Ihnen angegebene E-Mail-Adresse zu senden. Der Newsletter kann Informationen, Veranstaltungsank\u00fcndigungen, Urlaubspaket-Angebote und Sonderangebote enthalten.<\/p>\n\n\n\n<p class=\"wp-block-paragraph\"><strong>Verarbeitungsmethoden:<\/strong> Die Verarbeitung erfolgt mit Hilfe der uns zur Verf\u00fcgung stehenden IT-Tools und -Systeme, die an die Sicherheitsma\u00dfnahmen des Gesetzesdekrets vom 30. Juni 2003 Nr. 196 angepasst werden. Diese Daten werden ausschlie\u00dflich von Personen verarbeitet, die von unserem Unternehmen speziell beauftragt wurden. Die Verarbeitung erfolgt insbesondere durch die Mitglieder von Casa Ennio, die Mitarbeiter des Vertriebsbereichs, das Verwaltungspersonal und die technischen Mitarbeiter, soweit dies erforderlich ist. Wir weisen Sie darauf hin, dass Ihre personenbezogenen Daten in unserer Datenbank kontinuierlich mit den von Ihnen bereitgestellten Informationen aktualisiert werden.<\/p>\n\n\n\n<p class=\"wp-block-paragraph\"><strong>Umfang der Weitergabe und Verbreitung der in unserem Besitz befindlichen Daten:<\/strong> Ihre Daten werden in unserem Unternehmen gespeichert und sind nur den beauftragten Personen bekannt. Diese Daten werden nicht an Dritte weitergegeben.<\/p>\n\n\n\n<p class=\"wp-block-paragraph\"><strong>Quelle der Daten:<\/strong> Casa Ennio verf\u00fcgt \u00fcber Ihre personenbezogenen Daten, da Sie uns diese zuvor zur Verf\u00fcgung gestellt haben.<\/p>\n\n\n\n<p class=\"wp-block-paragraph\"><strong>Art der Bereitstellung:<\/strong> Die Bereitstellung der uns zur Verf\u00fcgung gestellten Daten ist f\u00fcr Sie freiwillig. Wenn Sie keine weiteren Mitteilungen erhalten m\u00f6chten, bitten wir Sie, uns dies schriftlich mitzuteilen. Hierzu reicht es aus, eine einfache E-Mail an <a>info@casaennio.it<\/a> zu senden. Nat\u00fcrlich verlieren Sie die M\u00f6glichkeit, \u00fcber unsere zuk\u00fcnftigen Aktivit\u00e4ten informiert zu werden, falls Sie uns bitten, Ihre f\u00fcr den Versand von Einladungen und Informationen zu unseren Veranstaltungen, Dienstleistungen und Forschungen erforderlichen Daten zu l\u00f6schen. Wir weisen Sie auch darauf hin, dass Sie jederzeit die M\u00f6glichkeit haben, die in unserem Besitz befindlichen Daten einzusehen und deren Aktualisierung, Berichtigung, Erg\u00e4nzung oder L\u00f6schung aus unserer Datenbank zu verlangen. Sollten wir keine R\u00fcckmeldung von Ihnen erhalten, werden wir Ihnen weiterhin Mitteilungen zu unseren Initiativen senden.<\/p>\n\n\n\n<p class=\"wp-block-paragraph\"><strong>Rechte der betroffenen Person:<\/strong> Die betroffene Person kann alle in Artikel 7 des Gesetzesdekrets 196\/03 vorgesehenen Rechte aus\u00fcben, insbesondere das Recht zu erfahren, welche Daten gespeichert sind, und deren L\u00f6schung zu verlangen. Artikel 7 des Gesetzesdekrets 196\/03 lautet:<\/p>\n\n\n\n<ol class=\"wp-block-list\">\n<li>Im Zusammenhang mit der Verarbeitung personenbezogener Daten hat die betroffene Person das Recht, eine Best\u00e4tigung \u00fcber das Vorhandensein oder Nichtvorhandensein von sie betreffenden personenbezogenen Daten zu erhalten, auch wenn diese noch nicht registriert sind, und deren \u00dcbermittlung in verst\u00e4ndlicher Form zu verlangen.<\/li>\n\n\n\n<li>Die betroffene Person hat das Recht, Informationen zu erhalten \u00fcber: die Herkunft der Daten, die Zwecke der Verarbeitung, die angewandte Logik der Verarbeitung, die Identit\u00e4t des Datenverantwortlichen und der Datenverarbeiter sowie der Personen, an die die Daten weitergegeben werden k\u00f6nnen.<\/li>\n\n\n\n<li>Die betroffene Person hat au\u00dferdem das Recht, Folgendes zu erhalten:\n<ul class=\"wp-block-list\">\n<li>die Aktualisierung, Berichtigung oder Erg\u00e4nzung der gesammelten Daten;<\/li>\n\n\n\n<li>die L\u00f6schung, Anonymisierung oder Sperrung von Daten, die unter Verletzung des Gesetzes verarbeitet wurden, einschlie\u00dflich der Daten, deren Speicherung f\u00fcr die Zwecke, f\u00fcr die sie erhoben oder sp\u00e4ter verarbeitet wurden, nicht erforderlich ist;<\/li>\n\n\n\n<li>die Best\u00e4tigung, dass die vorgenannten Ma\u00dfnahmen denjenigen mitgeteilt wurden, an die die Daten \u00fcbermittelt wurden, es sei denn, dies erweist sich als unm\u00f6glich oder erfordert einen unverh\u00e4ltnism\u00e4\u00dfigen Aufwand im Vergleich zum gesch\u00fctzten Recht.<\/li>\n<\/ul>\n<\/li>\n\n\n\n<li>Die betroffene Person hat au\u00dferdem das Recht, sich ganz oder teilweise zu widersetzen:\n<ul class=\"wp-block-list\">\n<li>aus legitimen Gr\u00fcnden gegen die Verarbeitung personenbezogener Daten, die sie betreffen, auch wenn diese dem Zweck der Erhebung entsprechen;<\/li>\n\n\n\n<li>gegen die Verarbeitung personenbezogener Daten zu Zwecken der Zusendung von Werbematerial.<\/li>\n<\/ul>\n<\/li>\n<\/ol>\n\n\n\n<p class=\"wp-block-paragraph\"><strong>Datenverantwortlicher:<\/strong> Der Datenverantwortliche ist Herr Ennio Bertolini.<\/p>\n","protected":false},"excerpt":{"rendered":"<p>DATENSCHUTZERKL\u00c4RUNG F\u00dcR DIE VERARBEITUNG VON ALLGEMEINEN PERSONENBEZOGENEN DATEN Informationsdokument gem\u00e4\u00df Artikel 13 des Gesetzesdekrets vom 30. Juni 2003 Nr. 196. In \u00dcbereinstimmung mit den Bestimmungen des Gesetzesdekrets vom 30. Juni 2003 Nr. 196, stellen wir Ihnen Informationen \u00fcber die Zwecke und Methoden der Verarbeitung Ihrer personenbezogenen Daten, den Umfang ihrer Weitergabe und Verbreitung, die Art&hellip;<\/p>\n","protected":false},"author":1,"featured_media":0,"parent":0,"menu_order":0,"comment_status":"closed","ping_status":"open","template":"","meta":{"_acf_changed":false,"inline_featured_image":false,"footnotes":""},"class_list":["post-660","page","type-page","status-publish","hentry"],"acf":[],"yoast_head":"<!-- This site is optimized with the Yoast SEO plugin v27.6 - https:\/\/yoast.com\/product\/yoast-seo-wordpress\/ -->\n<title>Privacy Policy - Casa Ennio Apartments Torbole sul Garda<\/title>\n<meta name=\"robots\" content=\"index, follow, max-snippet:-1, max-image-preview:large, max-video-preview:-1\" \/>\n<link rel=\"canonical\" href=\"https:\/\/www.casaennio.it\/privacy-policy\/\" \/>\n<meta property=\"og:locale\" content=\"de_DE\" \/>\n<meta property=\"og:type\" content=\"article\" \/>\n<meta property=\"og:title\" content=\"Privacy Policy - Casa Ennio Apartments Torbole sul Garda\" \/>\n<meta property=\"og:description\" content=\"DATENSCHUTZERKL\u00c4RUNG F\u00dcR DIE VERARBEITUNG VON ALLGEMEINEN PERSONENBEZOGENEN DATEN Informationsdokument gem\u00e4\u00df Artikel 13 des Gesetzesdekrets vom 30. Juni 2003 Nr. 196. In \u00dcbereinstimmung mit den Bestimmungen des Gesetzesdekrets vom 30. Juni 2003 Nr. 196, stellen wir Ihnen Informationen \u00fcber die Zwecke und Methoden der Verarbeitung Ihrer personenbezogenen Daten, den Umfang ihrer Weitergabe und Verbreitung, die Art&hellip;\" \/>\n<meta property=\"og:url\" content=\"https:\/\/www.casaennio.it\/privacy-policy\/\" \/>\n<meta property=\"og:site_name\" content=\"Casa Ennio Apartments Torbole sul Garda\" \/>\n<meta property=\"article:modified_time\" content=\"2024-10-17T07:04:20+00:00\" \/>\n<meta name=\"twitter:card\" content=\"summary_large_image\" \/>\n<meta name=\"twitter:label1\" content=\"Gesch\u00e4tzte Lesezeit\" \/>\n\t<meta name=\"twitter:data1\" content=\"4\u00a0Minuten\" \/>\n<script type=\"application\/ld+json\" class=\"yoast-schema-graph\">{\"@context\":\"https:\\\/\\\/schema.org\",\"@graph\":[{\"@type\":\"WebPage\",\"@id\":\"https:\\\/\\\/www.casaennio.it\\\/privacy-policy\\\/\",\"url\":\"https:\\\/\\\/www.casaennio.it\\\/privacy-policy\\\/\",\"name\":\"Privacy Policy - Casa Ennio Apartments Torbole sul Garda\",\"isPartOf\":{\"@id\":\"https:\\\/\\\/www.casaennio.it\\\/#website\"},\"datePublished\":\"2023-07-17T14:40:57+00:00\",\"dateModified\":\"2024-10-17T07:04:20+00:00\",\"inLanguage\":\"de\",\"potentialAction\":[{\"@type\":\"ReadAction\",\"target\":[\"https:\\\/\\\/www.casaennio.it\\\/privacy-policy\\\/\"]}]},{\"@type\":\"WebSite\",\"@id\":\"https:\\\/\\\/www.casaennio.it\\\/#website\",\"url\":\"https:\\\/\\\/www.casaennio.it\\\/\",\"name\":\"Casa Ennio Apartments Torbole sul Garda\",\"description\":\"Ferienwohnungen - Torbole sul Garda\",\"potentialAction\":[{\"@type\":\"SearchAction\",\"target\":{\"@type\":\"EntryPoint\",\"urlTemplate\":\"https:\\\/\\\/www.casaennio.it\\\/?s={search_term_string}\"},\"query-input\":{\"@type\":\"PropertyValueSpecification\",\"valueRequired\":true,\"valueName\":\"search_term_string\"}}],\"inLanguage\":\"de\"}]}<\/script>\n<!-- \/ Yoast SEO plugin. -->","yoast_head_json":{"title":"Privacy Policy - Casa Ennio Apartments Torbole sul Garda","robots":{"index":"index","follow":"follow","max-snippet":"max-snippet:-1","max-image-preview":"max-image-preview:large","max-video-preview":"max-video-preview:-1"},"canonical":"https:\/\/www.casaennio.it\/privacy-policy\/","og_locale":"de_DE","og_type":"article","og_title":"Privacy Policy - Casa Ennio Apartments Torbole sul Garda","og_description":"DATENSCHUTZERKL\u00c4RUNG F\u00dcR DIE VERARBEITUNG VON ALLGEMEINEN PERSONENBEZOGENEN DATEN Informationsdokument gem\u00e4\u00df Artikel 13 des Gesetzesdekrets vom 30. Juni 2003 Nr. 196. In \u00dcbereinstimmung mit den Bestimmungen des Gesetzesdekrets vom 30. Juni 2003 Nr. 196, stellen wir Ihnen Informationen \u00fcber die Zwecke und Methoden der Verarbeitung Ihrer personenbezogenen Daten, den Umfang ihrer Weitergabe und Verbreitung, die Art&hellip;","og_url":"https:\/\/www.casaennio.it\/privacy-policy\/","og_site_name":"Casa Ennio Apartments Torbole sul Garda","article_modified_time":"2024-10-17T07:04:20+00:00","twitter_card":"summary_large_image","twitter_misc":{"Gesch\u00e4tzte Lesezeit":"4\u00a0Minuten"},"schema":{"@context":"https:\/\/schema.org","@graph":[{"@type":"WebPage","@id":"https:\/\/www.casaennio.it\/privacy-policy\/","url":"https:\/\/www.casaennio.it\/privacy-policy\/","name":"Privacy Policy - Casa Ennio Apartments Torbole sul Garda","isPartOf":{"@id":"https:\/\/www.casaennio.it\/#website"},"datePublished":"2023-07-17T14:40:57+00:00","dateModified":"2024-10-17T07:04:20+00:00","inLanguage":"de","potentialAction":[{"@type":"ReadAction","target":["https:\/\/www.casaennio.it\/privacy-policy\/"]}]},{"@type":"WebSite","@id":"https:\/\/www.casaennio.it\/#website","url":"https:\/\/www.casaennio.it\/","name":"Casa Ennio Apartments Torbole sul Garda","description":"Ferienwohnungen - Torbole sul Garda","potentialAction":[{"@type":"SearchAction","target":{"@type":"EntryPoint","urlTemplate":"https:\/\/www.casaennio.it\/?s={search_term_string}"},"query-input":{"@type":"PropertyValueSpecification","valueRequired":true,"valueName":"search_term_string"}}],"inLanguage":"de"}]}},"_links":{"self":[{"href":"https:\/\/www.casaennio.it\/de\/wp-json\/wp\/v2\/pages\/660","targetHints":{"allow":["GET"]}}],"collection":[{"href":"https:\/\/www.casaennio.it\/de\/wp-json\/wp\/v2\/pages"}],"about":[{"href":"https:\/\/www.casaennio.it\/de\/wp-json\/wp\/v2\/types\/page"}],"author":[{"embeddable":true,"href":"https:\/\/www.casaennio.it\/de\/wp-json\/wp\/v2\/users\/1"}],"replies":[{"embeddable":true,"href":"https:\/\/www.casaennio.it\/de\/wp-json\/wp\/v2\/comments?post=660"}],"version-history":[{"count":5,"href":"https:\/\/www.casaennio.it\/de\/wp-json\/wp\/v2\/pages\/660\/revisions"}],"predecessor-version":[{"id":1185,"href":"https:\/\/www.casaennio.it\/de\/wp-json\/wp\/v2\/pages\/660\/revisions\/1185"}],"wp:attachment":[{"href":"https:\/\/www.casaennio.it\/de\/wp-json\/wp\/v2\/media?parent=660"}],"curies":[{"name":"wp","href":"https:\/\/api.w.org\/{rel}","templated":true}]}}

<h1 class="wp-block-heading">DATENSCHUTZERKLÄRUNG FÜR DIE VERARBEITUNG VON ALLGEMEINEN PERSONENBEZOGENEN DATEN</h1>



<p class="wp-block-paragraph">Informationsdokument gemäß Artikel 13 des Gesetzesdekrets vom 30. Juni 2003 Nr. 196.</p>



<p class="wp-block-paragraph">In Übereinstimmung mit den Bestimmungen des Gesetzesdekrets vom 30. Juni 2003 Nr. 196, stellen wir Ihnen Informationen über die Zwecke und Methoden der Verarbeitung Ihrer personenbezogenen Daten, den Umfang ihrer Weitergabe und Verbreitung, die Art der uns vorliegenden Daten und deren Bereitstellung zur Verfügung.</p>



<p class="wp-block-paragraph"><strong>Zweck der Verarbeitung:</strong> Die Erhebung bzw. Verarbeitung Ihrer personenbezogenen Daten dient ausschließlich dem Zweck, Ihnen Informationen und gegebenenfalls Newsletter von Casa Ennio an die von Ihnen angegebene E-Mail-Adresse zu senden. Der Newsletter kann Informationen, Veranstaltungsankündigungen, Urlaubspaket-Angebote und Sonderangebote enthalten.</p>



<p class="wp-block-paragraph"><strong>Verarbeitungsmethoden:</strong> Die Verarbeitung erfolgt mit Hilfe der uns zur Verfügung stehenden IT-Tools und -Systeme, die an die Sicherheitsmaßnahmen des Gesetzesdekrets vom 30. Juni 2003 Nr. 196 angepasst werden. Diese Daten werden ausschließlich von Personen verarbeitet, die von unserem Unternehmen speziell beauftragt wurden. Die Verarbeitung erfolgt insbesondere durch die Mitglieder von Casa Ennio, die Mitarbeiter des Vertriebsbereichs, das Verwaltungspersonal und die technischen Mitarbeiter, soweit dies erforderlich ist. Wir weisen Sie darauf hin, dass Ihre personenbezogenen Daten in unserer Datenbank kontinuierlich mit den von Ihnen bereitgestellten Informationen aktualisiert werden.</p>



<p class="wp-block-paragraph"><strong>Umfang der Weitergabe und Verbreitung der in unserem Besitz befindlichen Daten:</strong> Ihre Daten werden in unserem Unternehmen gespeichert und sind nur den beauftragten Personen bekannt. Diese Daten werden nicht an Dritte weitergegeben.</p>



<p class="wp-block-paragraph"><strong>Quelle der Daten:</strong> Casa Ennio verfügt über Ihre personenbezogenen Daten, da Sie uns diese zuvor zur Verfügung gestellt haben.</p>



<p class="wp-block-paragraph"><strong>Art der Bereitstellung:</strong> Die Bereitstellung der uns zur Verfügung gestellten Daten ist für Sie freiwillig. Wenn Sie keine weiteren Mitteilungen erhalten möchten, bitten wir Sie, uns dies schriftlich mitzuteilen. Hierzu reicht es aus, eine einfache E-Mail an <a>info@casaennio.it</a> zu senden. Natürlich verlieren Sie die Möglichkeit, über unsere zukünftigen Aktivitäten informiert zu werden, falls Sie uns bitten, Ihre für den Versand von Einladungen und Informationen zu unseren Veranstaltungen, Dienstleistungen und Forschungen erforderlichen Daten zu löschen. Wir weisen Sie auch darauf hin, dass Sie jederzeit die Möglichkeit haben, die in unserem Besitz befindlichen Daten einzusehen und deren Aktualisierung, Berichtigung, Ergänzung oder Löschung aus unserer Datenbank zu verlangen. Sollten wir keine Rückmeldung von Ihnen erhalten, werden wir Ihnen weiterhin Mitteilungen zu unseren Initiativen senden.</p>



<p class="wp-block-paragraph"><strong>Rechte der betroffenen Person:</strong> Die betroffene Person kann alle in Artikel 7 des Gesetzesdekrets 196/03 vorgesehenen Rechte ausüben, insbesondere das Recht zu erfahren, welche Daten gespeichert sind, und deren Löschung zu verlangen. Artikel 7 des Gesetzesdekrets 196/03 lautet:</p>



<ol class="wp-block-list">
<li>Im Zusammenhang mit der Verarbeitung personenbezogener Daten hat die betroffene Person das Recht, eine Bestätigung über das Vorhandensein oder Nichtvorhandensein von sie betreffenden personenbezogenen Daten zu erhalten, auch wenn diese noch nicht registriert sind, und deren Übermittlung in verständlicher Form zu verlangen.</li>



<li>Die betroffene Person hat das Recht, Informationen zu erhalten über: die Herkunft der Daten, die Zwecke der Verarbeitung, die angewandte Logik der Verarbeitung, die Identität des Datenverantwortlichen und der Datenverarbeiter sowie der Personen, an die die Daten weitergegeben werden können.</li>



<li>Die betroffene Person hat außerdem das Recht, Folgendes zu erhalten:
<ul class="wp-block-list">
<li>die Aktualisierung, Berichtigung oder Ergänzung der gesammelten Daten;</li>



<li>die Löschung, Anonymisierung oder Sperrung von Daten, die unter Verletzung des Gesetzes verarbeitet wurden, einschließlich der Daten, deren Speicherung für die Zwecke, für die sie erhoben oder später verarbeitet wurden, nicht erforderlich ist;</li>



<li>die Bestätigung, dass die vorgenannten Maßnahmen denjenigen mitgeteilt wurden, an die die Daten übermittelt wurden, es sei denn, dies erweist sich als unmöglich oder erfordert einen unverhältnismäßigen Aufwand im Vergleich zum geschützten Recht.</li>
</ul>
</li>



<li>Die betroffene Person hat außerdem das Recht, sich ganz oder teilweise zu widersetzen:
<ul class="wp-block-list">
<li>aus legitimen Gründen gegen die Verarbeitung personenbezogener Daten, die sie betreffen, auch wenn diese dem Zweck der Erhebung entsprechen;</li>



<li>gegen die Verarbeitung personenbezogener Daten zu Zwecken der Zusendung von Werbematerial.</li>
</ul>
</li>
</ol>



<p class="wp-block-paragraph"><strong>Datenverantwortlicher:</strong> Der Datenverantwortliche ist Herr Ennio Bertolini.</p>

<p>DATENSCHUTZERKLÄRUNG FÜR DIE VERARBEITUNG VON ALLGEMEINEN PERSONENBEZOGENEN DATEN Informationsdokument gemäß Artikel 13 des Gesetzesdekrets vom 30. Juni 2003 Nr. 196. In Übereinstimmung mit den Bestimmungen des Gesetzesdekrets vom 30. Juni 2003 Nr. 196, stellen wir Ihnen Informationen über die Zwecke und Methoden der Verarbeitung Ihrer personenbezogenen Daten, den Umfang ihrer Weitergabe und Verbreitung, die Art&hellip;</p>

<!-- This site is optimized with the Yoast SEO plugin v27.6 - https://yoast.com/product/yoast-seo-wordpress/ -->
<title>Privacy Policy - Casa Ennio Apartments Torbole sul Garda</title>
<meta name="robots" content="index, follow, max-snippet:-1, max-image-preview:large, max-video-preview:-1" />
<link rel="canonical" href="https://www.casaennio.it/privacy-policy/" />
<meta property="og:locale" content="de_DE" />
<meta property="og:type" content="article" />
<meta property="og:title" content="Privacy Policy - Casa Ennio Apartments Torbole sul Garda" />
<meta property="og:description" content="DATENSCHUTZERKLÄRUNG FÜR DIE VERARBEITUNG VON ALLGEMEINEN PERSONENBEZOGENEN DATEN Informationsdokument gemäß Artikel 13 des Gesetzesdekrets vom 30. Juni 2003 Nr. 196. In Übereinstimmung mit den Bestimmungen des Gesetzesdekrets vom 30. Juni 2003 Nr. 196, stellen wir Ihnen Informationen über die Zwecke und Methoden der Verarbeitung Ihrer personenbezogenen Daten, den Umfang ihrer Weitergabe und Verbreitung, die Art&hellip;" />
<meta property="og:url" content="https://www.casaennio.it/privacy-policy/" />
<meta property="og:site_name" content="Casa Ennio Apartments Torbole sul Garda" />
<meta property="article:modified_time" content="2024-10-17T07:04:20+00:00" />
<meta name="twitter:card" content="summary_large_image" />
<meta name="twitter:label1" content="Geschätzte Lesezeit" />
	<meta name="twitter:data1" content="4 Minuten" />
<script type="application/ld+json" class="yoast-schema-graph">{"@context":"https:\/\/schema.org","@graph":[{"@type":"WebPage","@id":"https:\/\/www.casaennio.it\/privacy-policy\/","url":"https:\/\/www.casaennio.it\/privacy-policy\/","name":"Privacy Policy - Casa Ennio Apartments Torbole sul Garda","isPartOf":{"@id":"https:\/\/www.casaennio.it\/#website"},"datePublished":"2023-07-17T14:40:57+00:00","dateModified":"2024-10-17T07:04:20+00:00","inLanguage":"de","potentialAction":[{"@type":"ReadAction","target":["https:\/\/www.casaennio.it\/privacy-policy\/"]}]},{"@type":"WebSite","@id":"https:\/\/www.casaennio.it\/#website","url":"https:\/\/www.casaennio.it\/","name":"Casa Ennio Apartments Torbole sul Garda","description":"Ferienwohnungen - Torbole sul Garda","potentialAction":[{"@type":"SearchAction","target":{"@type":"EntryPoint","urlTemplate":"https:\/\/www.casaennio.it\/?s={search_term_string}"},"query-input":{"@type":"PropertyValueSpecification","valueRequired":true,"valueName":"search_term_string"}}],"inLanguage":"de"}]}</script>
<!-- / Yoast SEO plugin. -->

DATENSCHUTZERKLÄRUNG FÜR DIE VERARBEITUNG VON ALLGEMEINEN PERSONENBEZOGENEN DATEN Informationsdokument gemäß Artikel 13 des Gesetzesdekrets vom 30. Juni 2003 Nr. 196. In Übereinstimmung mit den Bestimmungen des Gesetzesdekrets vom 30. Juni 2003 Nr. 196, stellen wir Ihnen Informationen über die Zwecke und Methoden der Verarbeitung Ihrer personenbezogenen Daten, den Umfang ihrer Weitergabe und Verbreitung, die Art&hellip;
